n 126 is divided by i(-4)?
9
Suppose 143 = p - 21. Calculate the remainder when p is divided by 42.
38
Let a = 2 - -3. Suppose 46*p = 43*p + 51. What is the remainder when p is divided by a?
2
Let n(z) = -z**3 - 9*z**2 - 5*z - 19. What is the remainder when n(-9) is divided by 14?
12
Suppose 6*j - 160 = -2*j. What is the remainder when 75 is divided by j?
15
What is the remainder when 133 is divided by 270/8 - (-6)/24?
31
Suppose 2*b = 7*b - 330. Let n be (-16 + -1)*(-2)/2. Suppose 5*t - 4*t = n. Calculate the remainder when b is divided by t.
15
Suppose -3*g + 53 = 14. What is the remainder when 44 is divided by g?
5
Suppose -2*n + 2*f - 38 + 236 = 0, -n = -2*f - 101. Calculate the remainder when n is divided by 33.
31
What is the remainder when 41 is divided by (-134)/(-6) - 4/3?
20
Let v(w) = w + 38. Calculate the remainder when v(-22) is divided by 5.
1
Suppose q = 5*w + 8, 4*w - 8*w = q - 53. Suppose -q = -3*r + 54. What is the remainder when r is divided by 15?
14
Let z(y) = 3*y - 13. Calculate the remainder when 142 is divided by z(14).
26
Let y(p) be the second derivative of -7*p**3/2 - p**2/2 - p. Suppose -5*v - 5 = -2*j, -5*v - 5 = 2*j - 7*j. What is the remainder when 77 is divided by y(v)?
17
Let q(u) = -u**3 + 7*u**2 - 2*u + 4. Suppose 3*n - 2*y - 28 = 0, 2*n - 9 - 10 = y. What is the remainder when q(6) is divided by n?
8
Let u = 2 + -2. Suppose u = 7*o - 2*o - 80. What is the remainder when 62 is divided by o?
14
Calculate the remainder when -2 + 2 + 48 + -1 is divided by 10.
7
Suppose -3*z = -3*y - 0*z + 78, -2*y + 3*z = -55. Calculate the remainder when 82 is divided by y.
13
Let t = 87 - 66. Calculate the remainder when 75 is divided by t.
12
What is the remainder when (18 + 3)/(-5 - -8) is divided by 4?
3
Suppose -260 = -0*q - 5*q. Suppose -5*r + 82 = 4*d, 0 = 2*r - 3*r + 5*d + 28. What is the remainder when q is divided by r?
16
Let z(f) = 5*f - 1. Let q be z(1). Suppose -q*w + 11 = -5. Let h(b) = -b**2 - 9*b - 1. What is the remainder when h(-8) is divided by w?
3
Suppose f - 4*f = u - 71, u = -2*f + 47. Calculate the remainder when 117 is divided by f.
21
Let m = 11 - 23. Let b = m - -31. Suppose -3*n + 2 + b = 0. Calculate the remainder when n is divided by 4.
3
Suppose 2*b = -3 - 1. Let y(p) = -38*p + 1. Let n be y(b). Let w = n + -36. What is the remainder when w is divided by 14?
13
Let x = 0 - -18. What is the remainder when 70 is divided by x?
16
Let r(x) = 13*x + 9. Calculate the remainder when 41 is divided by r(1).
19
Let l = 32 + -19. Suppose -6 = -5*c + 759. Suppose -6*b = -9*b + c. What is the remainder when b is divided by l?
12
What is the remainder when 92 - (-2)/4*(1 + 1) is divided by 32?
29
Suppose 13 = -4*m + 5*v, 0*m = -4*m + 4*v - 8. Let s = 2 - 0. What is the remainder when m is divided by s?
1
Let q = -7 - -12. Let k = -3 + q. Calculate the remainder when k is divided by 2.
0
Suppose -3*f - 5*k + 2 + 19 = 0, -2*f = 2*k - 10. Suppose f*d = -10, 3 = 5*w - 3*d - 22. Calculate the remainder when 29/w*(2 + 0) is divided by 15.
14
Suppose 5*u - 11*u = -30. Let m(k) = 2*k - 6. Calculate the remainder when 13 is divided by m(u).
1
Suppose -2*d - 3*d + 90 = 0. What is the remainder when 87 is divided by d?
15
Calculate the remainder when 53 is divided by 1 + -2 + (23 - 4).
17
Let l(h) = -h + 2. Let k be l(2). Suppose -o + 43 - 14 = k. What is the remainder when o is divided by 16?
13
Let s(m) = -m**2 + 8*m - 4. Let k be s(4). Suppose 5*z - 86 = 4. Suppose -3*q + z = -k. Calculate the remainder when q is divided by 6.
4
Let x be (-34)/(-4)*(-1 + 3). Let i = 30 - x. Let y(d) = -d**3 + 7*d**2 - 3*d + 6. What is the remainder when y(6) is divided by i?
11
Calculate the remainder when (-222)/(-6)*(12 - 2) is divided by 62.
60
Let s(a) = 2*a + 21. What is the remainder when 62 is divided by s(0)?
20
Suppose -2*u + 90 = 22. Let g be 92/22 + (-2)/11. Suppose -5*v = -4*q + 48, 5*q = -g*v + 3*v + 60. What is the remainder when u is divided by q?
10
Suppose 0 = -4*f - 4*v + 204, v = 3 + 1. Let y = 11 + -7. Suppose -5*q = 0, x - 14 = y*q + 2. What is the remainder when f is divided by x?
15
What is the remainder when 216/16 + (-1)/(-2) is divided by 6?
2
Let y = 122 + -70. Let v = 79 - y. Calculate the remainder when v is divided by 7.
6
Calculate the remainder when 92 is divided by (33 - 2) + (-2 - -2).
30
Suppose 2*x - 3*x = 5*r - 251, -200 = -4*r - x. Suppose 4*o = -27 + 99. What is the remainder when r is divided by o?
15
Let v = -18 - -41. Calculate the remainder when v is divided by 13.
10
Suppose 4*v - 3*i - 39 = 2*v, -24 = -v + 3*i. Calculate the remainder when v is divided by 3.
0
Let h(x) = x**3 + 3*x**2 - 3*x + 4. What is the remainder when 36 is divided by h(-3)?
10
Suppose 2*l = 6 - 2. Suppose 2*v = -l*w - 30, 2*v - w = 5*v + 35. What is the remainder when ((-54)/3)/(4/v) is divided by 16?
13
Suppose h + 4 - 9 = 0. Let w = -5 + 8. Suppose y = -w*y + 36. Calculate the remainder when y is divided by h.
4
Calculate the remainder when 41 is divided by (21/12)/(1/8).
13
Suppose 2 + 11 = z. Let k = 25 - z. Suppose -5*s + 111 = 4*w, -121 = -4*w - 3*s - 0*s. What is the remainder when w is divided by k?
10
Let b be 20/(-8)*(-4)/5. Suppose b*w + 2*w = 52. Calculate the remainder when 25 is divided by w.
12
Let d = -4 - -7. Suppose -g + 20 = d*g. Suppose -60 = -4*a - 3*z, -a + g*z + 40 = 4*a. What is the remainder when a is divided by 7?
5
Suppose 3*x + 2 = -3*p + 23, 4*p = 2*x + 58. Calculate the remainder when ((-40)/16)/((-2)/36) is divided by p.
9
Let w(x) = -83*x + 3. Calculate the remainder when w(-1) is divided by 29.
28
Suppose 19 = 3*u + 1. What is the remainder when (9/6)/(u/164) is divided by 21?
20
Let x = 6 + -3. Calculate the remainder when 12*5/100 - 224/(-10) is divided by (-2 - (x - 1))*-2.
7
Let z = 1 - 4. Let m(u) = 5*u**2 + 2*u. Calculate the remainder when m(z) is divided by (-3 - 14)/(-1) + 3.
19
Calculate the remainder when 1868/18 + (2/9 - 0) is divided by 15.
14
Suppose -2*c = -8 - 6. Let p = c + -5. Let b = 28 - 26. Calculate the remainder when b is divided by p.
0
Suppose -5*r - 12 = -u, -4 = u + 4*r + 2. Suppose -g + 3*m = 4*m + 3, -3*g - u*m = 5. What is the remainder when 5/(g/(1 - 0)) is divided by 2?
1
Let a(r) = r**3 + 11*r**2 - 2*r + 6. Calculate the remainder when 111 is divided by a(-11).
27
Let o(n) = 3*n**3 + 4*n**2 + n - 2. Let i be o(-2). Let v = i + 54. What is the remainder when v is divided by 11?
9
Let t be 0*((-10)/(-6) + -2). Let q(g) = -2*g**2 + 19 - g**2 + g**3 + 2*g**2. What is the remainder when 35 is divided by q(t)?
16
Suppose -2*w = 3*w - 5, b - 5*w + 3 = 0. What is the remainder when 5 is divided by b?
1
Let b be -12 + 29 + 3/(-1). Let c = 2 + b. Calculate the remainder when c is divided by (1/2)/((-1)/(-18)).
7
Suppose 4*u - 53 = 5*d, -3*u + 29 = -u - 3*d. Suppose -4*j - u = 4*o - 63, 2*o - 34 = -5*j. What is the remainder when 34 is divided by o?
10
Suppose 0 = 5*y - 15 - 10. Suppose -2*i + 3 = -y, 4*d = -2*i + 48. Suppose 33 = m - 3*u, 2*m - 2*u + 16 = 62. What is the remainder when m is divided by d?
8
Suppose 0 = 2*m + 2*f - 4*f - 10, -2 = -4*m - 5*f. Suppose -n - 2*n = 5*h - 10, 34 = m*n - h. What is the remainder when 19 is divided by n?
9
Let m(k) = -k**3 + 7*k**2 - 4*k + 2. Let b = 1 - -2. Suppose -j - 16 = -2*r, -5*r + 5*j + 39 = 2*j. What is the remainder when m(b) is divided by r?
8
Let n(i) = 2*i**2 - i - 1. Let j be n(2). Suppose -210 + j = -5*m. Calculate the remainder when m is divided by 14.
13
Let x(i) = -i**2 - 11*i - 3. Let l(y) = -8*y - 1. Let q be l(1). What is the remainder when 29 is divided by x(q)?
14
Suppose 3*w = 4*w + h - 10, -3*h + 40 = 4*w. What is the remainder when w is divided by 4/16*24/2?
1
Let r = -45 + 56. Calculate the remainder when 23 is divided by r.
1
Let o = -22 - -10. What is the remainder when 11 is divided by (-1)/(-6) - 34/o?
2
Suppose 0*n = 4*n - 20, 4*i - 20 = 4*n. Calculate the remainder when 17 is divided by i.
7
Let l = 8 - 6. Let a be 2*l/8*10. Suppose 12 = a*j + 5*b - 28, 3*b - 18 = -2*j. What is the remainder when 10 is divided by j?
4
Suppose -2*v + 97 = 5*l, -7*l + 179 = 4*v - 2*l. What is the remainder when 79 is divided by v?
38
Suppose -5*u - d = -4*u - 7, -2*d = 3*u - 16. Let f(o) = 0*o**2 - o - o*